8 and f?
6
Suppose 0 = 4*c + 38 - 630. What is the greatest common factor of 37 and c?
37
Let w be (-3)/(0 + (-2)/2). Suppose 5*a - 42 = -s, 0 = s + 6 - w. Calculate the highest common factor of 36 and a.
9
Let r be 24/(-9)*78/4. Let l = -24 - r. What is the highest common divisor of 14 and l?
14
Let i = -52 - -8. Let b be (i/(-6))/((-6)/(-9)). Let h = b - -29. Calculate the greatest common divisor of h and 16.
8
Let b = -74 - -36. Let z = b + 115. Calculate the highest common factor of z and 11.
11
Let g = 6 + 2. Suppose -251 = -4*o + 5*j, 0*o - j = 5*o - 321. What is the highest common factor of g and o?
8
Let b(k) = 3*k**2 - 30*k - 15. Let x be b(14). What is the greatest common divisor of 17 and x?
17
Let u(o) be the second derivative of 0*o**4 + 3*o**2 + 0 - 1/6*o**3 + 1/20*o**5 - o. Let q be u(0). Calculate the greatest common divisor of q and 9.
3
Let h(x) = x**2 + 6*x + 4. Let u = -24 - -16. Let t be h(u). Calculate the highest common factor of t and 10.
10
Let w(r) = -20*r - 12. Let f be w(-5). Calculate the highest common divisor of 8 and f.
8
Let p = -324 + 914. Suppose q - 114 = 5*n, -5*n - p = -5*q - 0*q. Calculate the greatest common factor of q and 17.
17
Suppose 5 = -2*i + i. Let d = 40 + i. Calculate the greatest common factor of 14 and d.
7
Let v(f) = -5*f - 2. Let x(h) = 14*h + 5. Let d(q) = -11*v(q) - 4*x(q). Let a be d(-8). Suppose 0 = 2*z - a - 10. What is the highest common factor of z and 50?
10
Let b be -15 + 14 + (-30)/(-2). What is the highest common divisor of 112 and b?
14
Suppose -l + 5*m + 16 = m, -2*l - 4*m = -56. Calculate the greatest common divisor of 192 and l.
24
Let s be (-1)/(-2)*0 - -5. Suppose 0 = -s*w + 14 + 26. Let x(r) = -12*r + 12. Let y be x(-5). What is the highest common factor of w and y?
8
Let m be (1/(-4))/(10/(-280)). Calculate the highest common divisor of m and 7.
7
Let b(w) = 3*w + 23. Let j be b(-5). What is the greatest common divisor of 16 and j?
8
Let m = 107 + -72. Calculate the greatest common factor of m and 15.
5
Let o be (2/(-6))/(1/3). Let q be o + -1 + (1 - 1). Let a be ((-112)/12)/(q/9). What is the greatest common divisor of 6 and a?
6
Suppose -3*c + 8 = 5*f, -4*f = 4*c + 7 - 31. Let v(g) = 3*g**3 + 3*g**2 - 1. Let x be v(-2). Let a = x + 24. Calculate the highest common factor of c and a.
11
Let b be 6/15 - (-36)/10. Calculate the greatest common factor of 32 and b.
4
Let l be 4/(-8) - 15/(-6). Suppose -3*j = -10 - l. Calculate the greatest common factor of 2 and j.
2
Suppose -h + 0*h = -10. Suppose 0 = -h*q + 8*q + 32. Calculate the highest common divisor of q and 128.
16
Suppose 0 = -7*f + 2*f + 20. Suppose -f*h - h + 440 = 0. Calculate the highest common factor of 8 and h.
8
Let m(p) = -p**3 - 4*p**2 + 4*p - 4. Let a be m(-5). Calculate the highest common divisor of a and 7.
1
Let i = -115 - -171. Calculate the greatest common factor of 56 and i.
56
Let y = -246 + 433. Suppose -4*x = -0*x. Suppose x = 3*q - 11 - 40. What is the highest common divisor of y and q?
17
Suppose 4*q - 52 = -2*x, 3*q + 39 = 6*q - 4*x. What is the greatest common factor of q and 26?
13
Let a be (12/5)/((-9)/(-930)). Calculate the greatest common factor of 31 and a.
31
Let a(y) = y + 2. Let l be a(-3). Let w be -4*3*l/(-6). Let h be (-14)/w*12/4. What is the highest common factor of 3 and h?
3
Let d be -3 + 138/3*-1. Let h = d - -82. Calculate the highest common divisor of h and 11.
11
Suppose -1 = -2*p - 3*m, -3*p + 31 = 2*p - 2*m. Calculate the greatest common divisor of p and 15.
5
Suppose -u = -2*u + 59. Suppose -73 = -x + 2*q + u, -x = 5*q - 132. What is the highest common divisor of 12 and x?
12
Let x = 74 + -61. Calculate the highest common factor of x and 117.
13
Suppose 28 = 2*t - t. What is the greatest common divisor of t and 70?
14
Suppose 0 = 5*d + 20, d = h - 2*h - 49. Let u = h - -69. Let m(a) = 6*a. Let x be m(6). What is the greatest common divisor of u and x?
12
Suppose -4*j + k + 3 = -24, -2*j - 9 = -5*k. Calculate the greatest common factor of 40 and j.
8
Let d(o) = 2*o**3 - 3*o + 2. Suppose -j = 3*j - 16. Suppose -2*g + 0*g + j = 0. Let b be d(g). Calculate the greatest common factor of 132 and b.
12
Suppose -3*z - 176 = 2*n, -5*n + 2*z + 2*z = 486. Let b = n + 222. What is the greatest common divisor of b and 16?
16
Suppose -2*f = -3*f + 4*c + 85, 0 = 5*f - c - 387. What is the greatest common divisor of 11 and f?
11
Let u = 32 - 12. Let v(c) = c**2 - 7*c - 8. Let f be v(10). Let r be 12/66 - (-1756)/f. Calculate the highest common factor of u and r.
20
Let x(z) = 3*z**2 - z + 6. Let t be x(6). Let l(r) = 9*r**2 + r - 4. Let o be l(-3). Let i be o/6 + 2/(-6). Calculate the highest common factor of i and t.
12
Let i be 1/2 - (-18)/4. Suppose -2*a + 25 = i*r, 3*r - 67 = 5*a - 21. Calculate the greatest common divisor of 49 and r.
7
Let a be (-5)/10*28/(-2). Suppose 0 = -a*l + 2*l + 3*w + 69, 3*l + 4*w = 53. What is the highest common divisor of l and 120?
15
Let g be (-1)/(1/(-369)) + 0. Calculate the highest common divisor of 41 and g.
41
Let p = 6 + 0. Let b be ((-12)/(-9))/(p/99). Calculate the greatest common factor of 55 and b.
11
Suppose 6*n - 2*n = 0. Suppose n = -4*t + t + 54. Calculate the highest common factor of t and 18.
18
Let h(t) = 23*t**2 - t. Let p be h(1). Suppose -p = -l + 10. Let r be 10/3*6/5. Calculate the highest common divisor of r and l.
4
Suppose c = -3*c. Suppose 4*m - 25 = -d + 4, 3*m - d - 13 = c. Let j = -25 + 37. Calculate the highest common divisor of m and j.
6
Let v(x) = -x**2 - 16*x - 13. Let p be v(-15). What is the highest common divisor of p and 6?
2
Let m = 1 - -1. Suppose q - 6 + m = 0. Suppose c - 2*g = 3*g - 23, 30 = 5*c + q*g. Calculate the highest common factor of c and 4.
2
Suppose 0 = -3*q + 4*g + 46, -5*g = -5*q - 2*g + 95. Let f be (24/16)/(3/4). Suppose -f*m = -69 - 41. Calculate the highest common factor of m and q.
11
Suppose n - 9 = 2*n. Let c be 15/(-4)*(-24)/n. Let b = -4 - c. What is the highest common divisor of b and 12?
6
Let o(t) = 5*t**3 - t**2. Let l be o(1). Suppose -p - 3*s = 6, -p + 28 = p - l*s. What is the greatest common factor of p and 42?
6
Let p be 0 - (7*14 + -1). Let j = 56 - p. Calculate the highest common divisor of 17 and j.
17
Let m(k) = -k**3 + 8*k**2 - 11*k + 6. Let b be m(6). Let j(p) = -11*p - 4. Let n be j(-4). Let x = n - 16. What is the highest common divisor of b and x?
12
Suppose 0 = -k - 1 + 31. What is the greatest common factor of k and 20?
10
Let l = -1 - -12. What is the highest common divisor of 1 and l?
1
Let l = -239 - -359. Calculate the highest common divisor of l and 48.
24
Let i = 134 + -71. What is the highest common factor of 21 and i?
21
Let z(n) = -3*n - 12. Let p be z(-8). Let w be (-3)/(6/(-4)) + 106. Calculate the highest common factor of w and p.
12
Let a be (-687)/(-18) + 6/(-36). What is the highest common factor of 19 and a?
19
Suppose -5*x - 119 = -2*b - 9, b = 3*x + 57. Calculate the greatest common divisor of b and 27.
9
Suppose -68 + 23 = -3*k. Let v(l) = 3*l**2 - 3*l + 3 - 5 + 5 + 12*l**3. Let z be v(2). What is the highest common factor of k and z?
15
Suppose -5*x - n = -6*x + 9, x + n - 1 = 0. Suppose -x*z + 1 = -4*z. What is the greatest common factor of 9 and z?
1
Let x be (-30)/16*1*4*-2. What is the greatest common factor of 6 and x?
3
Let g be (-4)/12 - 232/(-12). What is the greatest common divisor of g and 38?
19
Suppose 0 = -0*d - 5*d + 15. Let i(h) = -h**2 - 9*h - 6. Let r be i(-6). Suppose c = -g + 10, d*g - c + r = 42. What is the greatest common factor of 5 and g?
5
Let h be 57*(-1)/(-1) + -1. Suppose -19 = 4*v + w, v + 2*w - 4 = -0. Let b be (v/9)/(4/(-42)). What is the greatest common divisor of h and b?
7
Suppose -2*a + 8 = k, -4*a + 12 = 5*k - 10. What is the highest common factor of 22 and k?
2
Suppose -5 = 2*x - 3*u - 18, 5*u = -15. Let g be 531*(1 + (-4)/6). Suppose x*w - g = -5*i - 47, 0 = w. Calculate the greatest common divisor of i and 65.
13
Let c be (-6)/(-9) - 22/(-3). Calculate the highest common factor of 16 and c.
8
Let f = 198 + -191. Let p(q) = -7*q**2 - 3*q - 6. Let c be p(-4). Let w be 2/(-6) - c/3. What is the greatest common divisor of f and w?
7
Suppose 26 + 37 = 3*h. Let i(d) = d**3 + 6*d**2 + 7*d + 2. Let o be i(-5). Let m 